ide 3040150?
True
Is 84 a factor of 886872?
True
Is 97625 a multiple of 55?
True
Does 34 divide 161602?
True
Is 2595580 a multiple of 52?
True
Does 10 divide 7216166?
False
Is 20947878 a multiple of 434?
True
Does 17 divide 8660132?
False
Does 2 divide 1985?
False
Is 95 a factor of 36565?
False
Is 297295 a multiple of 42?
False
Is 11 a factor of 144672?
True
Is 10 a factor of 19101411?
False
Is 3204170 a multiple of 15?
False
Is 415 a factor of 76360?
True
Is 12 a factor of 3474840?
True
Does 109 divide 189006?
True
Is 1172050 a multiple of 550?
True
Is 706445 a multiple of 9?
False
Does 287 divide 526795?
False
Is 410210 a multiple of 34?
True
Is 4 a factor of 24171?
False
Is 35 a factor of 91059?
False
Is 28348 a multiple of 76?
True
Does 7 divide 32234?
False
Is 24 a factor of 129?
False
Is 11 a factor of 494790?
False
Is 1770263 a multiple of 938?
False
Is 6713135 a multiple of 41?
True
Does 134 divide 1024463?
False
Does 9 divide 1198112?
False
Is 239759 a multiple of 316?
False
Does 896 divide 2002493?
False
Is 153428 a multiple of 11?
True
Does 153 divide 11322?
True
Does 107 divide 325387?
True
Does 1253 divide 16301530?
True
Does 10 divide 380523?
False
Is 71 a factor of 508999?
True
Is 310 a factor of 3198580?
True
Is 14 a factor of 727721?
False
Is 22608 a multiple of 6?
True
Is 19368 a multiple of 12?
True
Is 8 a factor of 1815696?
True
Does 140 divide 193138?
False
Does 444 divide 1929180?
True
Does 17 divide 287435?
False
Is 571680 a multiple of 96?
True
Does 881 divide 1357621?
True
Is 285 a factor of 1051192?
False
Is 1143 a factor of 1016632?
False
Does 429 divide 203346?
True
Does 4 divide 106250?
False
Is 236529 a multiple of 19?
False
Does 173 divide 1142975?
False
Does 16 divide 19344685?
False
Does 39 divide 394311?
False
Is 61 a factor of 109445?
False
Is 493713 a multiple of 212?
False
Is 566055 a multiple of 63?
True
Is 11 a factor of 1210330?
True
Does 2 divide 69045?
False
Is 15250 a multiple of 305?
True
Does 22 divide 920018?
True
Is 858088 a multiple of 19?
False
Is 56 a factor of 1148284?
False
Does 17 divide 1504753?
False
Is 115 a factor of 27835?
False
Is 32 a factor of 17538?
False
Is 129387 a multiple of 43?
True
Does 341 divide 793848?
True
Is 14 a factor of 172333?
False
Does 22 divide 9333?
False
Is 14 a factor of 37408?
True
Is 80 a factor of 9829280?
True
Does 13 divide 1883998?
False
Is 3528181 a multiple of 11?
False
Is 40 a factor of 98534?
False
Does 192 divide 1389696?
True
Is 1674437 a multiple of 515?
False
Does 278 divide 130241?
False
Does 24 divide 2002992?
True
Is 52 a factor of 21996?
True
Is 101455 a multiple of 103?
True
Is 12347955 a multiple of 12?
False
Does 187 divide 154729?
False
Is 782106 a multiple of 542?
True
Is 842586 a multiple of 74?
False
Is 37 a factor of 409257?
True
Does 57 divide 64589?
False
Is 30 a factor of 49950?
True
Is 116 a factor of 1065955?
False
Is 423 a factor of 1730727?
False
Does 252 divide 11752?
False
Is 3143607 a multiple of 2489?
True
Is 732550 a multiple of 35?
True
Does 344 divide 2922501?
False
Is 435 a factor of 1897772?
False
Is 1921451 a multiple of 316?
False
Is 636913 a multiple of 19?
False
Does 23 divide 919770?
True
Is 6683009 a multiple of 87?
False
Is 940770 a multiple of 45?
True
Is 47 a factor of 7739819?
True
Does 234 divide 126572?
False
Does 3 divide 60935?
False
Does 12 divide 172296?
True
Is 10 a factor of 238020?
True
Does 29 divide 5242005?
False
Does 30 divide 458965?
False
Is 11 a factor of 8970461?
False
Does 545 divide 20217525?
False
Is 519405 a multiple of 304?
False
Does 441 divide 8761486?
False
Does 510 divide 4196772?
False
Is 13 a factor of 1562844?
False
Is 304 a factor of 82052?
False
Is 72 a factor of 150480?
True
Does 16 divide 89360?
True
Does 8 divide 5934056?
True
Is 22 a factor of 107822?
True
Is 1785108 a multiple of 13?
True
Is 3697305 a multiple of 285?
True
Is 6500 a multiple of 49?
False
Does 380 divide 14861242?
False
Is 20 a factor of 107680?
True
Does 36 divide 230125?
False
Does 50 divide 18594?
False
Is 14 a factor of 662578?
True
Is 13 a factor of 565524?
False
Does 8 divide 336910?
False
Is 10409340 a multiple of 95?
True
Is 233 a factor of 11116878?
False
Does 45 divide 20278?
False
Does 7 divide 56098?
True
Does 75 divide 98565?
False
Is 238786 a multiple of 5?
False
Is 12808221 a multiple of 18?
False
Is 2095637 a multiple of 10?
False
Is 81 a factor of 132419?
False
Is 179390 a multiple of 10?
True
Is 6491666 a multiple of 159?
False
Does 17 divide 159035?
True
Is 8 a factor of 2829768?
True
Is 23447208 a multiple of 1308?
True
Does 109 divide 99735?
True
Is 15 a factor of 7788225?
True
Is 197700 a multiple of 25?
True
Is 548892 a multiple of 948?
True
Does 158 divide 1716066?
False
Is 28 a factor of 150?
False
Is 209 a factor of 198744?
False
Is 817 a factor of 598962?
False
Is 12 a factor of 121590?
False
Is 95100 a multiple of 25?
True
Does 87 divide 83688?
False
Is 139750 a multiple of 215?
True
Is 3514 even?
True
Is 12 a factor of 13575420?
True
Is 3452867 a multiple of 28?
False
Is 399 a factor of 545342?
False
Is 162 a factor of 5018840?
False
Is 225 a factor of 76416?
False
Does 73 divide 213689?
False
Does 24 divide 200832?
True
Does 7 divide 300374?
False
Is 780900 a multiple of 3?
True
Is 78 a factor of 1258640?
False
Does 266 divide 1169732?
False
Is 17 a factor of 2378704?
False
Does 49 divide 1127343?
True
Does 14 divide 108343?
False
Is 70517 a multiple of 151?
True
Is 456104 a multiple of 146?
True
Is 19 a factor of 446316?
False
Does 184 divide 4693104?
True
Is 961685 a multiple of 53?
True
Is 52 a factor of 6885320?
True
Is 276 a factor of 8392933?
False
Is 66 a factor of 4971978?
True
Is 98512 a multiple of 7?
False
Is 87 a factor of 241512?
True
Does 14 divide 117306?
True
Is 7 a factor of 13776?
True
Is 20 a factor of 331700?
True
Is 134791 a multiple of 37?
True
Is 40 a factor of 7390240?
True
Is 166 a factor of 2727878?
True
Is 802 a factor of 7171001?
False
Is 277830 a multiple of 810?
True
Does 22 divide 3209888?
True
Is 70 a factor of 1660680?
True
Is 46 a factor of 13166534?
True
Is 221 a factor of 697697?
True
Is 153391 a multiple of 10?
False
Is 933993 a multiple of 471?
True
Is 549745 a multiple of 19?
False
Is 162 a factor of 20088?
True
Is 358 a factor of 372709?
False
Is 1671822 a multiple of 18?
True
Is 25038600 a multiple of 15?
True
Does 13 divide 3164676?
False
Is 164 a factor of 309632?
True
Is 511797 a multiple of 33?
True
Does 55 divide 166814?
False
Is 2 a factor of 177678?
True
Is 860303 a multiple of 13?
False
Is 6 a factor of 12348?
True
Is 33 a factor of 112002?
True
Is 147 a factor of 6949425?
True
Does 15 divide 7207392?
False
Is 45795 a multiple of 213?
True
Is 86214 a multiple of 306?
False
Is 7 a factor of 35154?
True
Does 283 divide 269699?
True
Is 2299805 a multiple of 306?
False
Is 10 a factor of 255800?
True
Does 36 divide 2566?
False
Is 10 a factor of 96669?
False
Is 93749 a multiple of 389?
True
Is 381 a factor of 11955018?
True
Does 17 divide 110284?
False
Is 198 a factor of 76824?
True
Is 31 a factor of 927396?
True
Is 1305176 a multiple of 5?
False
Is 1066206 a multiple of 14?
False
Is 88 a factor of 56848?
True
Does 88 divide 3388178?
False
Does 81 divide 4882032?
True
Is 47 a factor of 377034?
True
Does 147 divide 128037?
True
Does 32 divide 3020768?
True
Does 8 divide 363246?
False
Is 25 a factor of 198927?
False
Does 5 divide 120623?
False
Does 9 divide 399183?
False
Is 1504631 a multiple of 67?
False
Does 165 divide 466125?
True
Is 22 a factor of 65005?
False
Is 139 a factor of 252271?
False
Is 1502350 a multiple of 1398?
False
Is 356328 a multiple of 98?
True
Is 426 a factor of 9052343?
False
Does 14 divide 91625?
False
Is 81 a factor of 300562?
False
Does 13 divide 334048?
True
Does 263 divide 747126?
False
Does 341 divide 170159?
True
Is 137 a factor of 5816334?
False
Is 4356254 a multiple of 122?
True
Is 68552 a multiple of 209?
True
Is 68568 a multiple of 15?
False
Is 96 a factor of 149664?
True
Is 51 a factor of 26351125?
False
Is 183 a factor of 1242936?
True
Is 3453960 a multiple of 535?
True
Does 92 divide 3684455?
False
Is 199716 a multiple of 267?
True
Is 19 a factor of 6094655?
False
Does 88 divide 462088?
True
Does 69